ulate the greatest common divisor of b and 7290.
90
Let r = -92 + 105. Suppose -74 = -r*l + 11*l. What is the highest common factor of 74 and l?
37
Suppose -775 - 4263 = -11*o + 4642. Calculate the greatest common factor of 352 and o.
176
Let o = -153 - -167. Suppose 2*t - 2*s - 48 = -o, -55 = -5*t - 5*s. Calculate the greatest common factor of t and 448.
14
Suppose 2886*q = 2897*q - 8514. Calculate the highest common factor of q and 2064.
258
Suppose -2*x + 3128 = 4*h, 4*h + 193*x - 194*x = 3116. What is the greatest common divisor of 3770 and h?
130
Let j be 42927/5 + 6/10. What is the highest common divisor of 162 and j?
162
Suppose d = 5*d + 124. Suppose -451*n + 408*n - 1462 = 0. Let f = d - n. What is the highest common divisor of 27 and f?
3
Let y(a) be the first derivative of -a**3/3 + 25*a**2/2 - 58*a - 93. Let m be y(22). What is the highest common factor of m and 56?
8
Let t = 13869 - 13813. What is the greatest common divisor of 6202 and t?
14
Suppose 2*u + 22 = u. Let h = 110 + u. Calculate the highest common factor of 16 and h.
8
Suppose -4*t + 3345 = 2737. Let n be -2 - -1 - (-12 + 2). Suppose 0 = 3*c + n - 66. What is the highest common divisor of t and c?
19
Suppose 2*a - 5*a + 81 = 0. Suppose -a = -5*x + 293. Let m = x - 63. Calculate the greatest common divisor of m and 7.
1
Suppose 0 = -5112*o + 5107*o + 155. What is the greatest common factor of 41137 and o?
31
Let u(p) = p**3 + 3*p**2 + 2*p + 3. Let l be u(3). Let n be (-223405)/(-819) + 46/207. Calculate the highest common divisor of l and n.
21
Suppose -5*i - 34 = -l, -98*i + 124 = 3*l - 102*i. What is the highest common factor of 3212 and l?
44
Let d(o) = 69*o**3 + 7*o**2 + 21*o - 96. Let x be d(5). What is the highest common divisor of 46 and x?
23
Let v(z) = -z**3 + 12*z**2 + 13*z + 1. Let c be v(13). Suppose 3 = -6*s + 5*s. Let y be (-31)/s + (-4)/3. What is the greatest common divisor of c and y?
1
Suppose 6*g = 2*g - 2*o + 1478, -3*o - 366 = -g. Let t = g + -264. Let s(d) = d**2 - 2*d + 6. Let p be s(5). Calculate the highest common factor of t and p.
21
Let a(t) = 62*t**2 + 170*t - 1758. Let o be a(18). What is the greatest common factor of 5 and o?
5
Let p(o) = 70*o**2 + 19*o - 42. Let g be p(3). What is the highest common factor of 1548 and g?
129
Let m(f) = 9*f**2 - 3*f + 6. Let a be m(6). Let q = -144 + a. Let n be (-206)/(-10) + (-2)/(-5). What is the highest common factor of q and n?
21
Let m(x) = -x**2 + 21*x - 99. Let q be m(7). Let d be (-1 - 192/3)/q. What is the greatest common divisor of d and 39?
13
Suppose -v - 5*k + 6687 = 591, -6177 = -v + 4*k. Calculate the highest common divisor of 276 and v.
69
Suppose -35*g + 373*g = -142*g + 3840. Suppose r + r + k - 51 = 0, -r = 2*k - 33. Suppose -3*f + 49 + r = 0. What is the highest common divisor of g and f?
8
Let y(p) = 7*p + 2. Let z be y(0). Let k be (-2875)/(-75) + 4/(-6)*z. What is the greatest common divisor of k and 407?
37
Suppose -29*f + 38 - 9 = 0. Let a be 0 + 5 - (-22 - (-5)/f). What is the greatest common factor of 374 and a?
22
Let c be (41/2)/(7*(-12)/672). Let w = 171 + c. What is the highest common divisor of 4 and w?
1
Let j = 4867 - 4051. Calculate the highest common divisor of 153 and j.
51
Suppose 4*b + 194 = 2*d - 98, -3*d + 440 = -5*b. What is the highest common factor of d and 1920?
30
Let o = -15916 + 19291. Calculate the greatest common factor of o and 945.
135
Suppose -17*v + 20*v = 510. Let n be -2*389/(-10) + 34/v. Calculate the greatest common divisor of n and 39.
39
Let s be (-1 + 0)*(0 - -1) + 11. Let b(l) = -l**3 + 26*l**2 - 164*l + 14. Let a be b(14). Calculate the highest common divisor of s and a.
10
Let l(x) be the third derivative of -x**6/120 + x**5/60 + x**4/24 + 5*x**3/6 + 55*x**2. Let f be l(-4). What is the highest common factor of 18 and f?
9
Suppose 3*a - 2*k - 85 + 12 = 0, 4*a = k + 99. Suppose -54 = -a*h - 2*h. Calculate the greatest common divisor of 16 and h.
2
Suppose -46 = 2*v - 172. Suppose -58*c + v*c = 65. Let o = -22 + 61. What is the greatest common factor of c and o?
13
Suppose 43*p - 3445 - 468 = 0. What is the highest common divisor of 13 and p?
13
Suppose 5 = -t, 4*j - t - 3*t - 240 = 0. Suppose 5*h - 160 = -5*y, -39 - 24 = -2*y - 3*h. Calculate the greatest common factor of j and y.
11
Suppose -2*j + 3 = -1. Suppose 4*s + m = 267, 15 = s - j*m - 45. What is the greatest common divisor of 12 and s?
6
Let z be 18/(-12)*1 - 150/(-4). Let n(c) = c**3 - 7*c**2 + 11*c + 10. Let b be n(8). What is the highest common factor of z and b?
18
Let q = -6381 - -7257. Calculate the highest common divisor of 18 and q.
6
Suppose 6*i - 16*i = -22*i + 840. What is the greatest common divisor of 161 and i?
7
Let r(u) = u**2 + 302*u - 4059. Let s be r(13). What is the highest common factor of 18594 and s?
18
Let p = -49675 + 70709. What is the highest common factor of 26 and p?
26
Suppose 29 = 6*t + 245. Let c be (-606)/t - 15/18. What is the greatest common factor of c and 1136?
16
Let z be 5/(-1)*((-55080)/50)/6. Suppose -46*l = -44*l - z. What is the greatest common divisor of l and 27?
27
Suppose 142*x + 34*x - 645668 = 12*x. What is the highest common factor of 31 and x?
31
Suppose 2*j - 4*i = 26, -14*i + 25 = -19*i. Suppose j*c = 5*m + 64, m + 22 = c + 2. Let x = -75 + 237. What is the highest common factor of c and x?
18
Let w be 6/(-3) + 2 + 20. Let t be ((-4)/8)/(12/(-24)). Let l be w + (-1 + (t - 1) - 2). What is the highest common factor of l and 51?
17
Let k = -263 - -296. Suppose 0 = h - y - k, -y = 13 - 8. Calculate the highest common factor of 21 and h.
7
Let w(o) = 13*o**2 - o - 2. Let p = -39 + 38. Let a be w(p). Let y = -5 + 14. Calculate the highest common divisor of y and a.
3
Let i(k) = -k**2 - 12*k + 30. Let z = -36 - -23. Let o be i(z). Suppose -o - 31 = -2*t. Calculate the greatest common divisor of 18 and t.
6
Let u(h) = 7*h - 176. Let y be u(47). Let r = 173 - y. What is the highest common divisor of 10 and r?
10
Suppose -2*o = 3*i + 2*i - 42, -3*o + i + 80 = 0. Suppose 544 - 4275 = -41*g. Calculate the highest common factor of o and g.
13
Suppose 52*m - 56*m = -84. Let n be 4/((-16)/(-90)) - m/(-42). What is the highest common factor of n and 184?
23
Suppose 0 = -t - 19 - 24. Let n = 52 + t. Let w = 59 + -53. What is the greatest common divisor of n and w?
3
Let o be (-5 - 0/(-2))*-8. Let t = 19018 - 19013. What is the greatest common factor of t and o?
5
Suppose -84*z - 28*z = -11424. Calculate the greatest common divisor of z and 714.
102
Let v(j) = -26 + 1 - 23*j - 6 - 13. Let b be v(-12). Calculate the highest common factor of b and 29.
29
Suppose -w = 3*i - 209, -26*w + 5*i + 462 = -24*w. Calculate the highest common factor of 13 and w.
13
Let u(l) = -l**3 + l**2 + 5*l - 2. Let j = 73 - 70. Let c be u(j). Let r(h) = -h**2 - 6*h + 2. Let y be r(c). What is the highest common divisor of y and 7?
7
Let a be (3 + (-25)/3)*99/6. Let f be ((-594)/a)/(6/304). Calculate the highest common factor of 19 and f.
19
Let s = 285 - 258. What is the highest common factor of 171 and s?
9
Let x = -78 + 251. Suppose x = -3*v + 242. What is the highest common divisor of 1081 and v?
23
Let p be 9/(45/(-10)) - -2. Suppose p = -2*m + 9 - 5. Suppose -4*l - v + 17 = 0, l + 0*v - m*v + 7 = 0. What is the greatest common factor of l and 3?
3
Let f be 1471 - 28 - (2 + 2). Suppose 1099 = 5*k - b - f, -5*k + 2532 = b. What is the greatest common divisor of 39 and k?
39
Let i(z) = -6*z - 2*z**2 - 14*z + 35*z + 9. Let d be i(8). What is the highest common factor of d and 4?
1
Let o be (5/1)/((-4)/(-3) + -1). Suppose 2*k + 3*k - o = 0. Suppose -35 = -k*q + 157. What is the highest common divisor of 48 and q?
16
Let g = 59 + -26. Let p = 291 - g. Suppose -3*x = 66 - p. What is the highest common divisor of x and 8?
8
Let q be (-17)/102 - (-8)/(384/66440). Calculate the highest common divisor of 3979 and q.
173
Let m = -128 - -267. Suppose 2*n = -19 + m. What is the highest common divisor of n and 200?
20
Let v be (5 - (-5754)/18) + 104/(-156). Calculate the greatest common factor of v and 31914.
162
Let g be -5 - 28*7/28. Let z(o) = -o**3 - 12*o**2 - o + 51. Let w be z(g). Calculate the highest common factor of 21 and w.
21
Suppose 0*i = 2*i - 0*i. Suppose 0 = 2*